 the hundreds digit of 1976?
9
What is the thousands digit of 1258?
1
What is the tens digit of 10622?
2
What is the units digit of 76275?
5
What is the tens digit of 2096?
9
What is the thousands digit of 53703?
3
What is the hundreds digit of 2688?
6
What is the tens digit of 978?
7
What is the tens digit of 871?
7
What is the thousands digit of 3622?
3
What is the thousands digit of 8212?
8
What is the hundreds digit of 1838?
8
What is the tens digit of 29746?
4
What is the tens digit of 274?
7
What is the tens digit of 1596?
9
What is the hundreds digit of 1877?
8
What is the units digit of 1470?
0
What is the tens digit of 3281?
8
What is the hundreds digit of 2547?
5
What is the thousands digit of 5449?
5
What is the hundreds digit of 17729?
7
What is the tens digit of 2013?
1
What is the thousands digit of 19572?
9
What is the hundreds digit of 2195?
1
What is the hundreds digit of 35277?
2
What is the tens digit of 495?
9
What is the tens digit of 127?
2
What is the thousands digit of 1897?
1
What is the units digit of 1170?
0
What is the hundreds digit of 18529?
5
What is the hundreds digit of 591?
5
What is the units digit of 1604?
4
What is the tens digit of 1894?
9
What is the ten thousands digit of 21171?
2
What is the hundreds digit of 1905?
9
What is the tens digit of 3493?
9
What is the units digit of 560?
0
What is the tens digit of 526?
2
What is the units digit of 9613?
3
What is the units digit of 1330?
0
What is the tens digit of 1098?
9
What is the tens digit of 7757?
5
What is the thousands digit of 1139?
1
What is the units digit of 3516?
6
What is the tens digit of 22152?
5
What is the units digit of 955?
5
What is the thousands digit of 9591?
9
What is the units digit of 32906?
6
What is the units digit of 1974?
4
What is the hundreds digit of 1859?
8
What is the tens digit of 76?
7
What is the hundreds digit of 3274?
2
What is the hundreds digit of 9876?
8
What is the tens digit of 23?
2
What is the units digit of 12051?
1
What is the tens digit of 2533?
3
What is the hundreds digit of 29510?
5
What is the hundreds digit of 19636?
6
What is the hundreds digit of 957?
9
What is the units digit of 11885?
5
What is the hundreds digit of 1192?
1
What is the ten thousands digit of 45395?
4
What is the thousands digit of 60486?
0
What is the hundreds digit of 19110?
1
What is the tens digit of 20691?
9
What is the thousands digit of 45676?
5
What is the hundreds digit of 942?
9
What is the tens digit of 22984?
8
What is the hundreds digit of 2937?
9
What is the units digit of 1883?
3
What is the units digit of 12471?
1
What is the thousands digit of 2311?
2
What is the thousands digit of 8314?
8
What is the ten thousands digit of 12398?
1
What is the tens digit of 1333?
3
What is the hundreds digit of 2666?
6
What is the units digit of 10669?
9
What is the tens digit of 4107?
0
What is the thousands digit of 3566?
3
What is the ten thousands digit of 91363?
9
What is the tens digit of 2529?
2
What is the tens digit of 1337?
3
What is the units digit of 3852?
2
What is the hundreds digit of 3057?
0
What is the thousands digit of 144069?
4
What is the hundreds digit of 33005?
0
What is the units digit of 5147?
7
What is the thousands digit of 1603?
1
What is the thousands digit of 2108?
2
What is the hundreds digit of 140?
1
What is the tens digit of 3418?
1
What is the hundreds digit of 3376?
3
What is the units digit of 2835?
5
What is the tens digit of 3546?
4
What is the hundreds digit of 6464?
4
What is the tens digit of 2430?
3
What is the hundreds digit of 3674?
6
What is the thousands digit of 47241?
7
What is the units digit of 6750?
0
What is the tens digit of 640?
4
What is the units digit of 3592?
2
What is the units digit of 5108?
8
What is the hundreds digit of 682?
6
What is the thousands digit of 32959?
2
What is the hundreds digit of 4625?
6
What is the tens digit of 411?
1
What is the units digit of 729?
9
What is the tens digit of 51140?
4
What is the units digit of 35649?
9
What is the units digit of 63426?
6
What is the hundreds digit of 854?
8
What is the tens digit of 9850?
5
What is the thousands digit of 32222?
2
What is the ten thousands digit of 18149?
1
What is the units digit of 3220?
0
What is the units digit of 1426?
6
What is the hundreds digit of 807?
8
What is the ten thousands digit of 17403?
1
What is the units digit of 11492?
2
What is the units digit of 605?
5
What is the thousands digit of 2234?
2
What is the thousands digit of 22427?
2
What is the units digit of 252?
2
What is the tens digit of 305?
0
What is the hundreds digit of 38838?
8
What is the hundreds digit of 31998?
9
What is the units digit of 8241?
1
What is the tens digit of 10676?
7
What is the hundreds digit of 154?
1
What is the units digit of 87723?
3
What is the thousands digit of 64296?
4
What is the hundreds digit of 133?
1
What is the tens digit of 1662?
6
What is the units digit of 951?
1
What is the tens digit of 30401?
0
What is the hundreds digit of 1520?
5
What is the hundreds digit of 723?
7
What is the ten thousands digit of 13311?
1
What is the units digit of 18107?
7
What is the hundreds digit of 8371?
3
What is the thousands digit of 12287?
2
What is the units digit of 2414?
4
What is the tens digit of 1331?
3
What is the tens digit of 159?
5
What is the thousands digit of 63905?
3
What is the units digit of 11444?
4
What is the hundred thousands digit of 136946?
1
What is the hundreds digit of 7189?
1
What is the hundreds digit of 69877?
8
What is the hundreds digit of 6167?
1
What is the thousands digit of 127027?
7
What is the hundreds digit of 17586?
5
What is the tens digit of 719?
1
What is the thousands digit of 24180?
4
What is the units digit of 143?
3
What is the ten thousands digit of 18584?
1
What is the tens digit of 2457?
5
What is the thousands digit of 1491?
1
What is the hundreds digit of 1319?
3
What is the thousands digit of 1101?
1
What is the thousands digit of 9758?
9
What is the hundreds digit of 20801?
8
What is the units digit of 35803?
3
What is the units digit of 2901?
1
What is the units digit of 73323?
3
What is the hundreds digit of 2002?
0
What is the hundreds digit of 6110?
1
What is the hundreds digit of 6302?
3
What is the units digit of 652?
2
What is the thousands digit of 48779?
8
What is the units digit of 4691?
1
What is the tens digit of 241?
4
What is the thousands digit of 50573?
0
What is the tens digit of 39045?
4
What is the hundreds digit of 6216?
2
What is the tens digit of 3449?
4
What is the ten thousands digit of 21631?
2
What is the thousands digit of 6109?
6
What is the tens digit of 3112?
1
What is the units digit of 1227?
7
What is the units digit of 73547?
7
What is the thousands digit of 3375?
3
What is the hundreds digit of 43763?
7
What is the hundreds digit of 3187?
1
What is the hundreds digit of 22359?
3
What is the units digit of 259?
9
What is the units digit of 4152?
2
What is the thousands digit of 4314?
4
What is the units digit of 34853?
3
What is the thousands digit of 79037?
9
What is the thousands digit of 11015?
1
What is the ten thousands digit of 10815?
1
What is the hundreds digit of 588?
5
What is the tens digit of 1034?
3
What is the thousands digit of 3181?
3
What is the hundreds digit of 1375?
3
What is the ten thousands digit of 20569?
2
What is the thousands digit of 33048?
3
What is the units digit of 10168?
8
What is the hundreds digit of 58699?
6
What is the ten thousands digit of 21873?
2
What is the tens digit of 925?
2
What is the thousands digit of 7080?
7
What is the tens digit of 1498?
9
What is the tens digit of 61?
6
What is the units digit of 9550?
0
What is the thousands digit of 70108?
0
What is the ten thousands digit of 142943?
4
What is the tens digit of 19660?
6
What is the tens digit of 1029?
2
What is the hundreds digit of 18367?
3
What is the tens digit of 6431?
3
What is the tens digit of 4979?
7
What is the tens digit of 10770?
7
What is the units digit of 776?
6
What is the hundreds digit of 124669?
6
What is the ten thousands digit of 23734?
2
What is the hundreds digit of 450?
4
What is the thousands digit of 2574?
2
What is the tens digit of 3813?
1
What is the tens digit of 1738?
3
What is the 